{"id":149,"date":"2020-11-17T23:16:09","date_gmt":"2020-11-17T22:16:09","guid":{"rendered":"http:\/\/eugite.com\/?page_id=149"},"modified":"2021-10-05T15:41:58","modified_gmt":"2021-10-05T13:41:58","slug":"tarifs","status":"publish","type":"page","link":"https:\/\/eugite.com\/index.php\/tarifs\/","title":{"rendered":"TARIFS"},"content":{"rendered":"<h2>TARIF<\/h2>\n<h2>La Maison<\/h2>\n<p>&nbsp; &nbsp; 2 nuits minimum&nbsp; &nbsp; &nbsp; &nbsp; &nbsp; &nbsp; &nbsp; &nbsp; &nbsp; &nbsp; &nbsp; &nbsp; &nbsp; &nbsp; &nbsp; &nbsp; &nbsp; &nbsp; &nbsp; &nbsp;La nuit: 300\u20ac<\/p>\n<p>&nbsp; &nbsp; &nbsp;La semaine:&nbsp; &nbsp;1800\u20ac<\/p>\n<p>1 nuit offerte<\/p>\n<p>Location grouper avec les 3 g\u00eetes&nbsp;&nbsp;<\/p>\n<p>&nbsp; La nuit : 250\u20ac<\/p>\n<h2>La Veranda<\/h2>\n<p>&nbsp; &nbsp; &nbsp; &nbsp;2 nuits minimum&nbsp; &nbsp; &nbsp; &nbsp; &nbsp; &nbsp; &nbsp; &nbsp; &nbsp; &nbsp; &nbsp; &nbsp; &nbsp; &nbsp; &nbsp; &nbsp; &nbsp; &nbsp; &nbsp; La nuit: 300\u20ac<\/p>\n<p>&nbsp; &nbsp; &nbsp; &nbsp; &nbsp; &nbsp; La semaine:&nbsp; &nbsp;1800\u20ac<\/p>\n<p>&nbsp;1 nuit offerte<\/p>\n<p>Location grouper avec les 3 g\u00eetes&nbsp; &nbsp; &nbsp; &nbsp; &nbsp; &nbsp; &nbsp; &nbsp; &nbsp;<\/p>\n<p>&nbsp; &nbsp; La nuit : 250\u20ac<\/p>\n<h2>Le Bar<\/h2>\n<p>2 nuits minimum&nbsp; &nbsp; &nbsp; &nbsp; &nbsp; &nbsp; &nbsp; &nbsp; &nbsp; &nbsp; &nbsp; &nbsp; &nbsp; &nbsp; &nbsp; &nbsp; &nbsp; &nbsp; &nbsp; &nbsp; &nbsp; La nuit: 250\u20ac<\/p>\n<p>&nbsp; &nbsp; &nbsp; &nbsp; &nbsp; &nbsp; &nbsp; La semaine:&nbsp; &nbsp;1500\u20ac<\/p>\n<p>&nbsp;1 nuit offerte<\/p>\n<p>Location grouper avec les 3 g\u00eetes&nbsp; &nbsp; &nbsp; &nbsp; &nbsp;<\/p>\n<p>&nbsp; &nbsp; &nbsp;La nuit : 200\u20ac<\/p>\n<h2>Options<\/h2>\n<p>DRAPS<\/p>\n<p>Lit simple: 7\u20ac<\/p>\n<p>Lit double : 15\u20ac<\/p>\n<p>Drap de bain : 5\u20ac par personne<\/p>\n<p>Option bois de chemin\u00e9e : 50 \u20ac&nbsp;<\/p>\n<h2>MISE A DISPOSITION INTERIEUR<\/h2>\n<p>Lors de votre venu chez nous vous trouverez sur place plusieurs choses utiles pour votre s\u00e9jour :<\/p>\n<p>1 rouleau de papier toilette, sac poubelle mis dans les poubelles, du lave main et essuie main dans les WC, tapis de bain dans les salles de bain, 1 pastille de lave vaisselle ainsi que du produit vaisselle et des torchons, pour la cuisine sel, poivre, huile ,vinaigre.&nbsp;<\/p>\n<h2>MISE A DISPOSITION EXTERIEUR<\/h2>\n<p>Afin de profiter au maximum de notre domaine vous pourrez vous y promener sur un territoire de 40 hectare avec plan d&rsquo;eau , le jardin dispose d&rsquo;un trampoline, une balan\u00e7oire et un bac \u00e0 sable, pour vos repas&nbsp; l&rsquo;ext\u00e9rieur des tables et des bancs ainsi qu&rsquo;un barbecue collectif seront mis \u00e0 votre disposition. Les animaux sont accept\u00e9s \u00e0 l&rsquo;exception que l&rsquo;on ne retrouve pas d&rsquo;excr\u00e9ments \u00e0 proximit\u00e9 des g\u00eetes. La propri\u00e9t\u00e9 n&rsquo;est pas cl\u00f4tur\u00e9e.<\/p>\n<p><a href=\"http:\/\/eugite.com\/index.php\/nous-contacter\/\" role=\"button\"><br \/>\nVous \u00eates int\u00e9ress\u00e9s je peux vous envoyer un  devis\/contrat cliquer ici<br \/>\n<\/a><\/p>\n","protected":false},"excerpt":{"rendered":"<p>TARIF La Maison &nbsp; &nbsp; 2 nuits minimum&nbsp; &nbsp; &nbsp; &nbsp; &nbsp; &nbsp; &nbsp; &nbsp; &nbsp; &nbsp; &nbsp; &nbsp; &nbsp; &nbsp; &nbsp; &nbsp; &nbsp; &nbsp; &nbsp; &nbsp;La nuit: 300\u20ac &nbsp; &nbsp; &nbsp;La semaine:&nbsp; &nbsp;1800\u20ac 1 nuit offerte Location grouper avec les 3 g\u00eetes&nbsp;&nbsp; &nbsp; La nuit : 250\u20ac La Veranda &nbsp; &nbsp; &nbsp; &nbsp;2 nuits [&hellip;]<\/p>\n","protected":false},"author":1,"featured_media":0,"parent":0,"menu_order":0,"comment_status":"closed","ping_status":"closed","template":"","meta":{"spay_email":""},"_links":{"self":[{"href":"https:\/\/eugite.com\/index.php\/wp-json\/wp\/v2\/pages\/149"}],"collection":[{"href":"https:\/\/eugite.com\/index.php\/wp-json\/wp\/v2\/pages"}],"about":[{"href":"https:\/\/eugite.com\/index.php\/wp-json\/wp\/v2\/types\/page"}],"author":[{"embeddable":true,"href":"https:\/\/eugite.com\/index.php\/wp-json\/wp\/v2\/users\/1"}],"replies":[{"embeddable":true,"href":"https:\/\/eugite.com\/index.php\/wp-json\/wp\/v2\/comments?post=149"}],"version-history":[{"count":50,"href":"https:\/\/eugite.com\/index.php\/wp-json\/wp\/v2\/pages\/149\/revisions"}],"predecessor-version":[{"id":305,"href":"https:\/\/eugite.com\/index.php\/wp-json\/wp\/v2\/pages\/149\/revisions\/305"}],"wp:attachment":[{"href":"https:\/\/eugite.com\/index.php\/wp-json\/wp\/v2\/media?parent=149"}],"curies":[{"name":"wp","href":"https:\/\/api.w.org\/{rel}","templated":true}]}}